{"id":2225,"date":"2020-01-08T21:24:59","date_gmt":"2020-01-08T21:24:59","guid":{"rendered":"https:\/\/mtlonthemap.com\/wp-content\/uploads\/2020\/01\/1200px-ministc3a8re_de_limmigration_de_la_francisation_et_de_lintc3a9gration_quc3a9bec.svg_.png"},"modified":"2020-01-08T21:24:59","modified_gmt":"2020-01-08T21:24:59","slug":"1200px-ministere_de_limmigration_de_la_francisation_et_de_lintegration_quebec-svg","status":"inherit","type":"attachment","link":"https:\/\/mhngatineau.com\/?attachment_id=2225","title":{"rendered":"1200px-Minist\u00e8re_de_l&#8217;Immigration,_de_la_Francisation_et_de_l&#8217;Int\u00e9gration_(Qu\u00e9bec).svg"},"author":2,"featured_media":0,"comment_status":"open","ping_status":"closed","template":"","meta":{"_acf_changed":false},"class_list":["post-2225","attachment","type-attachment","status-inherit","hentry"],"acf":[],"jetpack_sharing_enabled":true,"description":{"rendered":"<p class=\"attachment\"><a href='https:\/\/mhngatineau.com\/wp-content\/uploads\/2020\/01\/1200px-ministc3a8re_de_limmigration_de_la_francisation_et_de_lintc3a9gration_quc3a9bec.svg_.png'><img decoding=\"async\" width=\"300\" height=\"113\" src=\"https:\/\/mhngatineau.com\/wp-content\/uploads\/2020\/01\/1200px-ministc3a8re_de_limmigration_de_la_francisation_et_de_lintc3a9gration_quc3a9bec.svg_-300x113.png\" class=\"attachment-medium size-medium\" alt=\"\" srcset=\"https:\/\/mhngatineau.com\/wp-content\/uploads\/2020\/01\/1200px-ministc3a8re_de_limmigration_de_la_francisation_et_de_lintc3a9gration_quc3a9bec.svg_-300x113.png 300w, https:\/\/mhngatineau.com\/wp-content\/uploads\/2020\/01\/1200px-ministc3a8re_de_limmigration_de_la_francisation_et_de_lintc3a9gration_quc3a9bec.svg_-1024x385.png 1024w, https:\/\/mhngatineau.com\/wp-content\/uploads\/2020\/01\/1200px-ministc3a8re_de_limmigration_de_la_francisation_et_de_lintc3a9gration_quc3a9bec.svg_-768x289.png 768w, https:\/\/mhngatineau.com\/wp-content\/uploads\/2020\/01\/1200px-ministc3a8re_de_limmigration_de_la_francisation_et_de_lintc3a9gration_quc3a9bec.svg_.png 1200w\" sizes=\"(max-width: 300px) 100vw, 300px\" \/><\/a><\/p>\n"},"caption":{"rendered":""},"alt_text":"","media_type":"image","mime_type":"image\/png","media_details":{"width":1200,"height":451,"file":"2020\/01\/1200px-ministc3a8re_de_limmigration_de_la_francisation_et_de_lintc3a9gration_quc3a9bec.svg_.png","filesize":47799,"sizes":{"medium":{"file":"1200px-ministc3a8re_de_limmigration_de_la_francisation_et_de_lintc3a9gration_quc3a9bec.svg_-300x113.png","width":300,"height":113,"filesize":15372,"mime_type":"image\/png","source_url":"https:\/\/mhngatineau.com\/wp-content\/uploads\/2020\/01\/1200px-ministc3a8re_de_limmigration_de_la_francisation_et_de_lintc3a9gration_quc3a9bec.svg_-300x113.png"},"large":{"file":"1200px-ministc3a8re_de_limmigration_de_la_francisation_et_de_lintc3a9gration_quc3a9bec.svg_-1024x385.png","width":1024,"height":385,"filesize":94339,"mime_type":"image\/png","source_url":"https:\/\/mhngatineau.com\/wp-content\/uploads\/2020\/01\/1200px-ministc3a8re_de_limmigration_de_la_francisation_et_de_lintc3a9gration_quc3a9bec.svg_-1024x385.png"},"thumbnail":{"file":"1200px-ministc3a8re_de_limmigration_de_la_francisation_et_de_lintc3a9gration_quc3a9bec.svg_-150x150.png","width":150,"height":150,"filesize":9509,"mime_type":"image\/png","source_url":"https:\/\/mhngatineau.com\/wp-content\/uploads\/2020\/01\/1200px-ministc3a8re_de_limmigration_de_la_francisation_et_de_lintc3a9gration_quc3a9bec.svg_-150x150.png"},"medium_large":{"file":"1200px-ministc3a8re_de_limmigration_de_la_francisation_et_de_lintc3a9gration_quc3a9bec.svg_-768x289.png","width":768,"height":289,"filesize":60626,"mime_type":"image\/png","source_url":"https:\/\/mhngatineau.com\/wp-content\/uploads\/2020\/01\/1200px-ministc3a8re_de_limmigration_de_la_francisation_et_de_lintc3a9gration_quc3a9bec.svg_-768x289.png"},"full":{"file":"1200px-ministc3a8re_de_limmigration_de_la_francisation_et_de_lintc3a9gration_quc3a9bec.svg_.png","width":1200,"height":451,"mime_type":"image\/png","source_url":"https:\/\/mhngatineau.com\/wp-content\/uploads\/2020\/01\/1200px-ministc3a8re_de_limmigration_de_la_francisation_et_de_lintc3a9gration_quc3a9bec.svg_.png"}},"image_meta":{"aperture":"0","credit":"","camera":"","caption":"","created_timestamp":"0","copyright":"","focal_length":"0","iso":"0","shutter_speed":"0","title":"","orientation":"0","keywords":[]}},"post":2214,"source_url":"https:\/\/mhngatineau.com\/wp-content\/uploads\/2020\/01\/1200px-ministc3a8re_de_limmigration_de_la_francisation_et_de_lintc3a9gration_quc3a9bec.svg_.png","_links":{"self":[{"href":"https:\/\/mhngatineau.com\/index.php?rest_route=\/wp\/v2\/media\/2225","targetHints":{"allow":["GET"]}}],"collection":[{"href":"https:\/\/mhngatineau.com\/index.php?rest_route=\/wp\/v2\/media"}],"about":[{"href":"https:\/\/mhngatineau.com\/index.php?rest_route=\/wp\/v2\/types\/attachment"}],"author":[{"embeddable":true,"href":"https:\/\/mhngatineau.com\/index.php?rest_route=\/wp\/v2\/users\/2"}],"replies":[{"embeddable":true,"href":"https:\/\/mhngatineau.com\/index.php?rest_route=%2Fwp%2Fv2%2Fcomments&post=2225"}],"wp:attached-to":[{"embeddable":true,"post_type":"page","id":2214,"href":"https:\/\/mhngatineau.com\/index.php?rest_route=\/wp\/v2\/pages\/2214"}],"curies":[{"name":"wp","href":"https:\/\/api.w.org\/{rel}","templated":true}]}}

1200px-Ministère_de_l&#8217;Immigration,_de_la_Francisation_et_de_l&#8217;Intégration_(Québec).svg
