{"id":424,"date":"2016-01-12T14:32:55","date_gmt":"2016-01-12T14:32:55","guid":{"rendered":"http:\/\/mhngatineau.com\/?page_id=424"},"modified":"2016-01-12T14:32:55","modified_gmt":"2016-01-12T14:32:55","slug":"programmation-du-mois-de-fevrier-2016","status":"publish","type":"page","link":"https:\/\/mhngatineau.com\/?page_id=424","title":{"rendered":"MHN 2016"},"content":{"rendered":"<p>L\u2019\u00e9dition 2017 du Mois de l\u2019histoire des Noirs 2017 est en pr\u00e9paration. Elle sera mise en ligne au d\u00e9but du mois de janvier. Pour vous inscrire aux activit\u00e9s, contactez-nous par courriel au <a href=\"mailto:mhngatineau@gmail.com\">mhngatineau@gmail.com<\/a><\/p>\n<p>&#8212;&#8212;&#8212;&#8212;&#8212;&#8212;&#8212;&#8212;&#8212;&#8212;&#8212;&#8212;&#8212;&#8212;&#8212;&#8212;&#8212;&#8212;&#8212;&#8212;&#8212;&#8212;&#8211;<\/p>\n<p>Les activit\u00e9s pr\u00e9sent\u00e9es sur cette page seront mises \u00e0 jour r\u00e9guli\u00e8rement. Revenez nous visiter !<\/p>\n<p><strong>Samedi 23\u00a0janvier 2016, de 20\u00a0h \u00e0 22\u00a0h<\/strong><strong><br \/>\nSpectacle de Boucar Diouf<\/strong><br \/>\nSalle Odyss\u00e9e, 855, boulevard de la Gappe<\/p>\n<p><strong>SUPPL\u00c9MENTAIRE, LE 18 MARS 2016<\/strong><\/p>\n<p>Pour une raison\u00a0X ou Y, vous pensez avoir tout compris sur la reproduction humaine? Probablement pas si vous n\u2019avez pas vu le dernier spectacle de Boucar Diouf!<\/p>\n<p>C\u2019est un voyage humoristico-scientifique au c\u0153ur de la vie. Boucar l\u2019humoriste y retrouve son chapeau de docteur en biologie.<\/p>\n<p>Voici une production jamais vue dans l\u2019univers de l\u2019humour au Qu\u00e9bec. Vous sortirez certainement de ce spectacle le c\u0153ur l\u00e9ger, la rate dilat\u00e9e et le cerveau stimul\u00e9!<\/p>\n<p>Entr\u00e9e\u00a0: 42\u00a0$ et 38\u00a0$ (d\u00e9tenteurs de la carte Odyss\u00e9e)<\/p>\n<p><em>Pr\u00e9sent\u00e9 par la salle Odyss\u00e9e de la maison de la culture<\/em><\/p>\n<p>&#8212;&#8212;&#8212;&#8212;&#8212;&#8212;&#8212;&#8212;&#8212;&#8212;&#8212;&#8212;&#8212;&#8212;&#8212;&#8212;&#8212;&#8212;&#8212;&#8212;<\/p>\n<p><strong>Mercredi 27\u00a0janvier 2016 \u00e0 17\u00a0h\u00a030<\/strong><br \/>\n<strong>Coup d\u2019envoi officiel de la programmation<\/strong><br \/>\nMaison du citoyen, salle des F\u00eates, 25, rue Laurier<\/p>\n<p>Le public, les invit\u00e9s et les m\u00e9dias sont invit\u00e9s \u00e0 c\u00e9l\u00e9brer le lancement de la programmation du Mois de l\u2019histoire des Noirs\u00a02016 au rythme de la musique, de la po\u00e9sie et de la danse. Pour marquer le th\u00e8me de l\u2019\u00e9dition\u00a02016, C\u00e9l\u00e9brons nos pionniers, plusieurs personnes de la communaut\u00e9 noire \u00e0 Gatineau seront honor\u00e9es et un hommage sera rendu \u00e0 Dessalines, p\u00e8re fondateur de la R\u00e9publique d\u2019Ha\u00efti.<\/p>\n<ul>\n<li>Cocktail de bienvenue<\/li>\n<li>Musique d\u2019ambiance afro-jazz<\/li>\n<li>Danse folklorique ha\u00eftienne<\/li>\n<li>Remise de reconnaissance<\/li>\n<li>Chansons du Congo<\/li>\n<\/ul>\n<p>Co\u00fbt\u00a0: gratuit\u00a0| Stationnement\u00a0: gratuit<\/p>\n<p>Renseignements\u00a0: A\u00efchatou Tour\u00e9, 819\u00a0923-5151, mhngatineau@gmail.com, www.mhngatineau.com<\/p>\n<p><em>Pr\u00e9sent\u00e9 par la Ville de Gatineau en partenariat avec le <\/em><em>Conseil de la communaut\u00e9 noire de Gatineau<\/em><\/p>\n<p><a href=\"https:\/\/mtlonthemap.com\/wp-content\/uploads\/2016\/01\/mhn2016-programmelancement-page-0011.jpg\" rel=\"attachment wp-att-455\"><img fetchpriority=\"high\" decoding=\"async\" class=\"size-large wp-image-455 alignnone\" src=\"https:\/\/mtlonthemap.com\/wp-content\/uploads\/2016\/01\/mhn2016-programmelancement-page-0011.jpg?w=700\" alt=\"\" width=\"700\" height=\"906\" srcset=\"https:\/\/mhngatineau.com\/wp-content\/uploads\/2016\/01\/mhn2016-programmelancement-page-0011.jpg 1275w, https:\/\/mhngatineau.com\/wp-content\/uploads\/2016\/01\/mhn2016-programmelancement-page-0011-232x300.jpg 232w, https:\/\/mhngatineau.com\/wp-content\/uploads\/2016\/01\/mhn2016-programmelancement-page-0011-791x1024.jpg 791w, https:\/\/mhngatineau.com\/wp-content\/uploads\/2016\/01\/mhn2016-programmelancement-page-0011-768x994.jpg 768w, https:\/\/mhngatineau.com\/wp-content\/uploads\/2016\/01\/mhn2016-programmelancement-page-0011-1187x1536.jpg 1187w\" sizes=\"(max-width: 700px) 100vw, 700px\" \/><\/a><\/p>\n<p>&#8212;&#8212;&#8212;&#8212;&#8212;&#8212;&#8212;&#8212;&#8212;&#8212;&#8212;&#8212;&#8212;&#8212;&#8212;&#8212;&#8212;&#8212;&#8212;&#8212;<\/p>\n<p><strong>Lundi 1<sup>er<\/sup>\u00a0f\u00e9vrier 2016 <\/strong><strong>\u00e0<\/strong><strong> 19\u00a0h\u00a030<\/strong><br \/>\n<strong>Soir\u00e9e documentaire sur le film <em>Dieu a-t-il quitt\u00e9 l\u2019Afrique?<\/em><\/strong><br \/>\n<em>Restaurant-bar Le\u00a0Troquet, 41, rue Laval<\/em><\/p>\n<p>La Soci\u00e9t\u00e9 de partage (SOPAR) vous invite \u00e0 la projection du film intitul\u00e9 <em>Dieu a-t-il quitt\u00e9 l\u2019Afrique?<\/em> suivie d\u2019une discussion sur l\u2019immigration (sujet tr\u00e8s actuel) anim\u00e9e par Babacar, auteur du livre <em>Leurres et lueurs de l\u2019\u00e9migration<\/em>. Les points suivants pourront \u00eatre abord\u00e9s\u00a0:<\/p>\n<ul>\n<li>les succ\u00e8s et les d\u00e9fis des pays africains et d\u2019Ha\u00efti;<\/li>\n<li>le besoin (ou non) des pays africains de s\u2019unir pour faire face \u00e0 l\u2019avenir;<\/li>\n<li>les succ\u00e8s et les d\u00e9fis de l\u2019int\u00e9gration dans la soci\u00e9t\u00e9 qu\u00e9b\u00e9coise.<\/li>\n<\/ul>\n<p><strong>Synopsis de <em>Dieu a-t-il quitt\u00e9 l\u2019Afrique?<\/em><\/strong><\/p>\n<p>\u00c0 travers le quotidien de cinq jeunes adultes cherchant \u00e0 immigrer co\u00fbte que co\u00fbte en Occident, ce long m\u00e9trage documentaire r\u00e9v\u00e8le l\u2019impuissance des individus face \u00e0 l\u2019indiff\u00e9rence internationale et au d\u00e9sengagement des dirigeants d\u2019une soci\u00e9t\u00e9 vid\u00e9e de ses ressources. Ao\u00fbt\u00a01999, Bruxelles. Deux adolescents guin\u00e9ens sont retrouv\u00e9s morts dans le train d\u2019atterrissage d\u2019un avion en provenance de Conakry. Comme eux, chaque ann\u00e9e, des milliers de jeunes Africains risquent leur vie pour fuir ce continent durement affect\u00e9 par les conflits et par une pauvret\u00e9 end\u00e9mique. Boulevers\u00e9 par ce ph\u00e9nom\u00e8ne en perp\u00e9tuelle expansion, le r\u00e9alisateur d\u2019origine s\u00e9n\u00e9galaise Musa Dieng Kala retourne dans le quartier o\u00f9 il a grandi, \u00e0 Dakar, avec une douloureuse question\u00a0: Dieu a-t-il quitt\u00e9 l\u2019Afrique?<\/p>\n<p>Co\u00fbt\u00a0: gratuit<br \/>\nRenseignements et r\u00e9servation\u00a0: janice@sopar.ca, 819\u00a0243-3616<\/p>\n<p><em>Pr\u00e9sent\u00e9e par <\/em><em>Soci\u00e9t\u00e9 de partage (SOPAR)<\/em><br \/>\n<strong>Du 1<sup>er<\/sup> au 28\u00a0f\u00e9vrier 2016<\/strong><br \/>\n<strong>Exposition de photos <em>La Perle des Antilles<\/em><\/strong><br \/>\n<em>Restaurant-bar Le\u00a0Troquet, 41, rue Laval<\/em><\/p>\n<p>&#8212;&#8212;&#8212;&#8212;&#8212;&#8212;&#8212;&#8212;&#8212;&#8212;&#8212;&#8212;&#8212;&#8212;&#8212;&#8212;&#8212;&#8212;&#8212;&#8212;<\/p>\n<p>\u00c0 travers plus d\u2019une douzaine de photographies croqu\u00e9es sur le vif, Martin Martel, photojournaliste et photographe de voyage, nous transporte dans le quotidien ha\u00eftien sous diff\u00e9rents angles\u00a0: urbain, rural et touristique et, pour nous, pr\u00e9sente une fabuleuse exposition de photos <em>La Perle des Antilles<\/em>.<\/p>\n<p>Pourtant, avec les manchettes que nous sommes habitu\u00e9es \u00e0 voir \u00e0 son sujet depuis quelques ann\u00e9es, il est normal de se demander d\u2019o\u00f9 provient le surnom de ce pays autrement connu sous le nom de\u2026 Ha\u00efti. Remettre en perspective certains des pr\u00e9jug\u00e9s trop faciles que nous pouvons avoir sur cette parcelle d\u2019\u00eele, voil\u00e0 l\u2019objectif de cette exposition.<\/p>\n<p><strong>Au sujet de Martin Martel\u00a0:<\/strong> Bachelier en design graphique, d\u00e9tenteur d\u2019un certificat en relations publiques et, \u00e0 la suite d\u2019une formation en photojournalisme \u00e0 la School of Photographic Art of Ottawa, il d\u00e9cide de jumeler ses deux passions\u00a0: l\u2019image et la communication. Un voyage au Vietnam afin de r\u00e9aliser sa premi\u00e8re exposition photographique ainsi qu\u2019un livre photo lui confirme sa passion pour le photojournalisme ainsi que la photographie de voyage. Depuis, il a voyag\u00e9 un peu partout dans le monde (Australie, Costa Rica, Ha\u00efti, Inde). www.martinmartel.com<\/p>\n<p>Co\u00fbt\u00a0: gratuit<br \/>\nRenseignements\u00a0: martin-martel@hotmail.com, 514\u00a0797-8089<\/p>\n<p><em>Pr\u00e9sent\u00e9e par Martin Martel en partenariat avec Le\u00a0Troquet<\/em><\/p>\n<p>&#8212;&#8212;&#8212;&#8212;&#8212;&#8212;&#8212;&#8212;&#8212;&#8212;&#8212;&#8212;&#8212;&#8212;&#8212;&#8212;&#8212;&#8212;&#8212;&#8212;<\/p>\n<p><strong>Jeudi 4\u00a0f\u00e9vrier 2016, de 19\u00a0h \u00e0 21\u00a0h<\/strong><br \/>\n<strong>Conf\u00e9rence-d\u00e9bat <em>Le parcours de r\u00e9fugi\u00e9 \u00e0 citoyen au Qu\u00e9bec\u00a0: mythes et v\u00e9rit\u00e9s<\/em><\/strong><br \/>\nMaison du citoyen, salle des F\u00eates, 25, rue Laurier<\/p>\n<p>Depuis plusieurs d\u00e9cennies, le Qu\u00e9bec accueille des vagues successives de r\u00e9fugi\u00e9s arrivant des Cara\u00efbes, de l\u2019Afrique, du Moyen-Orient, de l\u2019Am\u00e9rique latine, de l\u2019Europe.<\/p>\n<p>Ces r\u00e9fugi\u00e9s, tout comme les autres types de migrants, contribuent \u00e0 l\u2019avancement du Qu\u00e9bec d\u2019aujourd\u2019hui et de demain en y amenant leur bagage culturel et en apportant leur contribution au d\u00e9veloppement \u00e9conomique et \u00e0 la croissance d\u00e9mographique.<\/p>\n<p>Soutenir les r\u00e9fugi\u00e9s du Burundi, de la Syrie, d\u2019Irak, de la Colombie et bien d\u2019autres devrait \u00eatre consid\u00e9r\u00e9 comme un investissement \u00e0 long terme. Les immigrants sont-ils des voleurs d\u2019emploi? Les r\u00e9fugi\u00e9s sont-ils un fardeau pour l\u2019\u00c9tat? Il existe beaucoup de pr\u00e9jug\u00e9s et de mythes \u00e0 leur sujet.<\/p>\n<p>Le Conseil de la communaut\u00e9 noire de Gatineau (CCNG) vous invite \u00e0 aborder ces questions et bien d\u2019autres avec un panel d\u2019experts en mati\u00e8re d\u2019immigration et de r\u00e9fugi\u00e9s au Qu\u00e9bec \u00e0 Gatineau.<\/p>\n<p>Intervenants\u00a0:<\/p>\n<ul>\n<li>Bato Redzovic, directeur d\u2019Accueil-Parrainage Outaouais (APO)<\/li>\n<li>Assumpta Ndengeyingoma, docteure en psychologie et professeure \u00e0 l\u2019Universit\u00e9 du Qu\u00e9bec en Outaouais (UQO)<\/li>\n<li>Fernando Henriquez, ex-directeur de l\u2019APO (en poste lors de la vague de r\u00e9fugi\u00e9s vietnamiens)<\/li>\n<\/ul>\n<p>Renseignements\u00a0: Jean-Marie Mond\u00e9sir, 819\u00a0743-5195<br \/>\nCo\u00fbt\u00a0: gratuit (r\u00e9servation fortement recommand\u00e9e)<br \/>\n<em>Pr\u00e9sent\u00e9e par le Conseil de la communaut\u00e9 noire de Gatineau<\/em><\/p>\n<p>&#8212;&#8212;&#8212;&#8212;&#8212;&#8212;&#8212;&#8212;&#8212;&#8212;&#8212;&#8212;&#8212;&#8212;&#8212;&#8212;&#8212;&#8212;&#8212;&#8212;<\/p>\n<p><strong>Lundi 8, 15, 22 et 29\u00a0f\u00e9vrier 2016 \u00e0 21\u00a0h<\/strong><br \/>\n<strong>Soir\u00e9es lundi jazz au Petit Chicago<\/strong><br \/>\nLe Petit Chicago, 50, promenade du Portage<\/p>\n<p>Venez \u00e9couter Alex Bilodeau et ses musiciens invit\u00e9s qui vous offrent des soir\u00e9es jazz. La premi\u00e8re partie commence \u00e0 21\u00a0h et les personnes int\u00e9ress\u00e9es sont les bienvenues pour jammer au cours de la deuxi\u00e8me partie! R\u00e9serv\u00e9 aux 18\u00a0ans et plus. Les soir\u00e9es existent depuis plus de huit ans et se d\u00e9roulent toute l\u2019ann\u00e9e.<\/p>\n<p>Co\u00fbt\u00a0: contribution volontaire de 5\u00a0$ sugg\u00e9r\u00e9e<br \/>\nRenseignements\u00a0: info@petitchicago.ca, 819\u00a0483-9843<\/p>\n<p><em>Pr\u00e9sent\u00e9es par Le Petit Chicago<\/em><\/p>\n<p>&#8212;&#8212;&#8212;&#8212;&#8212;&#8212;&#8212;&#8212;&#8212;&#8212;&#8212;&#8212;&#8212;&#8212;&#8212;&#8212;&#8212;&#8212;&#8212;&#8212;<\/p>\n<p><strong>Vendredi 12\u00a0f\u00e9vrier 2016 \u00e0 20\u00a0h<\/strong><br \/>\n<strong>Soir\u00e9e africaine avec \u00c9lage Mbaye<\/strong><br \/>\nCabaret La\u00a0Basoche, 120, rue Principale<\/p>\n<p>Venez nombreux d\u00e9couvrir la T\u00e9ranga s\u00e9n\u00e9galaise! D\u2019origine s\u00e9n\u00e9galaise et collaborateur du Souljazz Orchestra, \u00c9lage Mbaye vous convie \u00e0 un spectacle inoubliable en compagnie du groupe de danse Daaradji.<\/p>\n<p>Des sons et des rythmes typiquement traditionnels du S\u00e9n\u00e9gal transport\u00e9s par la brise de l\u2019Atlantique jusque sur les rives de l\u2019Outaouais.<\/p>\n<p>Entr\u00e9e\u00a0: 28\u00a0$ (adultes), 25\u00a0$ (a\u00een\u00e9s) et 23\u00a0$ (\u00e9tudiants)<br \/>\nRenseignements\u00a0: http:\/\/www.elage.ca\/<br \/>\n<em>Pr\u00e9sent\u00e9 par la Ville de Gatineau<\/em><\/p>\n<p>&#8212;&#8212;&#8212;&#8212;&#8212;&#8212;&#8212;&#8212;&#8212;&#8212;&#8212;&#8212;&#8212;&#8212;&#8212;&#8212;&#8212;&#8212;&#8212;&#8212;<\/p>\n<p><strong>Samedi 6, 13 et 27\u00a0f\u00e9vrier<\/strong> <strong>2015, de 13\u00a0h \u00e0 15\u00a0h<\/strong><br \/>\n<strong>Initiation au patinage sur glace<\/strong><br \/>\nPatinoire du ruisseau de la Brasserie, 69, rue Montcalm<\/p>\n<p>Afin de permettre aux nouveaux arrivants de profiter de ce site enchanteur et de d\u00e9couvrir le patinage d\u2019hiver, la Section de la diversit\u00e9 culturelle de la Ville de Gatineau organise des ateliers de patinage pour d\u00e9butants avec instructeurs qualifi\u00e9s. Les familles sont vivement encourag\u00e9es \u00e0 participer.<\/p>\n<p>L\u2019activit\u00e9 sera enti\u00e8rement gratuite. Selon les disponibilit\u00e9s, les patins seront pr\u00eat\u00e9s gratuitement avec la <strong>carte Acc\u00e8s Gatineau<\/strong>. Apportez votre casque de hockey, de v\u00e9lo ou de ski.<\/p>\n<p>Renseignements et inscription\u00a0: 819\u00a0243-2345, poste\u00a02544, info-diversite@gatineau.ca<\/p>\n<p><em>Pr\u00e9sent\u00e9e par la Ville de Gatineau<\/em><\/p>\n<p>&#8212;&#8212;&#8212;&#8212;&#8212;&#8212;&#8212;&#8212;&#8212;&#8212;&#8212;&#8212;&#8212;&#8212;&#8212;&#8212;&#8212;&#8212;&#8212;&#8212;<\/p>\n<p><strong>Samedi 13\u00a0f\u00e9vrier 2016, de 15\u00a0h \u00e0 21\u00a0h<\/strong><br \/>\n<strong>Journ\u00e9e sp\u00e9ciale s\u00e9n\u00e9galaise<\/strong><br \/>\nMaison du citoyen, salle des F\u00eates, 25, rue Laurier<\/p>\n<p>L\u2019Association des S\u00e9n\u00e9galais de la capitale nationale (ASCN) vous invite \u00e0 une journ\u00e9e sp\u00e9ciale s\u00e9n\u00e9galaise le 13\u00a0f\u00e9vrier \u00e0 la salle des F\u00eates de la Maison du citoyen.<\/p>\n<p>De 13\u00a0h \u00e0 15\u00a0h\u00a0: Exposition d\u2019\u0153uvres d\u2019art, de livres et de gastronomie s\u00e9n\u00e9galaise.<\/p>\n<p>De 15\u00a0h \u00e0 18\u00a0h\u00a0: Projection du film <em>Africom Go Home<\/em> suivie d\u2019une conf\u00e9rence qui sera pr\u00e9sent\u00e9e par Aziz Salmone Fall sur le th\u00e8me L\u2019histoire et l\u2019\u00e9volution de la pr\u00e9sence militaire imp\u00e9rialiste et n\u00e9ocoloniale en Afrique sur les 50\u00a0ans\u00a0: la n\u00e9cessit\u00e9 de la r\u00e9sistance panafricaine et internationaliste et la repolitisation d\u00e9mocratique de notre jeunesse.<\/p>\n<p><strong>Aziz Salmone Fall<\/strong> est un politologue internationaliste d\u2019origine s\u00e9n\u00e9galaise et \u00e9gyptienne. Il enseigne les sciences politiques, l\u2019anthropologie, les relations internationales et le d\u00e9veloppement international \u00e0 l\u2019universit\u00e9 McGill et \u00e0 l\u2019Universit\u00e9 du Qu\u00e9bec \u00e0 Montr\u00e9al. Ancien coordonnateur du R\u00e9seau qu\u00e9b\u00e9cois contre l\u2019apartheid, il est fondateur et membre du GRILA (Groupe de recherche et d\u2019initiative pour la lib\u00e9ration de l\u2019Afrique) dans lequel il coordonne, avec un collectif de 21\u00a0avocats et avocates, des personnalit\u00e9s et divers organismes, la premi\u00e8re campagne internationale africaine contre l\u2019impunit\u00e9 dans l\u2019affaire du pr\u00e9sident Thomas Sankara.<\/p>\n<p>De 19\u00a0h \u00e0 21\u00a0h\u00a0: Spectacle musical avec le chanteur et \u00ab\u00a0ambianceur\u00a0\u00bb Bamba Diaw de Montr\u00e9al et son \u00e9quipe compos\u00e9e du virtuose de la guitare Assane Seck et du choriste Sadio Cissoko.<\/p>\n<p>Co\u00fbt\u00a0: 20\u00a0$<\/p>\n<p>Renseignements\u00a0: Babacar Ba, babacar_ba@yahoo.fr, 819\u00a0210-0744<\/p>\n<p><em>Pr\u00e9sent\u00e9e<\/em><em> par l\u2019Association des S\u00e9n\u00e9galais de la capitale nationale (ASCN)<\/em><\/p>\n<p>&#8212;&#8212;&#8212;&#8212;&#8212;&#8212;&#8212;&#8212;&#8212;&#8212;&#8212;&#8212;&#8212;&#8212;&#8212;&#8212;&#8212;&#8212;&#8212;&#8212;<\/p>\n<p><strong>Samedi 20\u00a0f\u00e9vrier 2016, de midi \u00e0 15\u00a0h<\/strong><br \/>\n<strong>Journ\u00e9e festive Noirs-Si-Sons<\/strong><br \/>\nMaison du citoyen, agora Gilles-Rocheleau, 25, rue Laurier<\/p>\n<p>Joignez-vous \u00e0 cette journ\u00e9e festive o\u00f9 spectacles, artisanat, d\u00e9gustations de mets typiques et expositions d\u2019\u0153uvres d\u2019art seront au rendez-vous. Venez d\u00e9couvrir la richesse de la culture et du patrimoine des communaut\u00e9s noires \u00e0 Gatineau. Les activit\u00e9s sont gratuites!<\/p>\n<p>Renseignements\u00a0: A\u00efchatou Tour\u00e9, 819\u00a0923-5151, mhngatineau@gmail.com, www.mhngatineau.com<\/p>\n<p><em>Pr\u00e9sent\u00e9e par la Ville de Gatineau en partenariat avec le Conseil de la communaut\u00e9 noire de Gatineau<\/em><\/p>\n<p>&#8212;&#8212;&#8212;&#8212;&#8212;&#8212;&#8212;&#8212;&#8212;&#8212;&#8212;&#8212;&#8212;&#8212;&#8212;&#8212;&#8212;&#8212;&#8212;&#8212;<\/p>\n<p><strong>Samedi 20\u00a0f\u00e9vrier 2016 \u00e0 19\u00a0h\u00a030<\/strong><br \/>\n<strong>Soir\u00e9e-conf\u00e9rence <em>L\u2019Autre Afrique<\/em><\/strong><br \/>\nH\u00f4tel Ramada, salle Casino Royal Salomon, 75, rue d\u2019Edmonton<\/p>\n<p>Cette ann\u00e9e, Diku Dilenga Canada est fier de pr\u00e9senter le conf\u00e9rencier gatinois d\u2019origine togolaise, auteur de plusieurs ouvrages, dont <em>L\u2019Afrique au fil de la d\u00e9mocratisation, du d\u00e9veloppement et de la mondialisation<\/em> (L\u2019Harmattan, 2012), le sociologue et professeur \u00e9m\u00e9rite <strong>Yao Assogba<\/strong>.<\/p>\n<p>Pendant que des hommes et des femmes mettent de l\u2019avant, voire inventent des pratiques novatrices de vie et de survie des populations, l\u2019autre Afrique comme il l\u2019appelle, fait rarement les manchettes de nos m\u00e9dias. Il faut pourtant encourager ces pratiques et en parler\u2026! C\u2019est ce sur quoi notre conf\u00e9rencier s\u2019attardera! Un rendez-vous \u00e0 ne pas rater!<\/p>\n<p>Entr\u00e9e\u00a0: 20\u00a0$; rabais de 5\u00a0$ sur r\u00e9servation avant le 20\u00a0f\u00e9vrier 2016<\/p>\n<p>R\u00e9servation par t\u00e9l\u00e9phone au 819\u00a0776-1623 ou en ligne au http:\/diku-dilenga-canada.org<\/p>\n<p><em>Pr\u00e9sent\u00e9e par <\/em><em>Diku Dilenga Canada, un organisme de l\u2019Outaouais qui aide les plus pauvres d\u2019Afrique gr\u00e2ce \u00e0 ses projets dans les domaines de l\u2019\u00e9ducation, du microcr\u00e9dit, de l\u2019entrepreneuriat et de la sant\u00e9.<\/em><\/p>\n<p>&#8212;&#8212;&#8212;&#8212;&#8212;&#8212;&#8212;&#8212;&#8212;&#8212;&#8212;&#8212;&#8212;&#8212;&#8212;&#8212;&#8212;&#8212;&#8212;&#8212;<\/p>\n<p><strong>Journ\u00e9e festive Noirs-Si-Sons<\/strong><br \/>\n<strong>Samedi 20\u00a0f\u00e9vrier 2016, de midi \u00e0 15\u00a0h (ouverture de la foire d\u00e8s 11\u00a0h\u00a030)<\/strong><br \/>\nMaison du citoyen, agora Gilles-Rocheleau, 25, rue Laurier<\/p>\n<p><strong>Toute une journ\u00e9e de c\u00e9l\u00e9bration pour avoir un \u00ab\u00a0fun noir\u00a0\u00bb!<\/strong><\/p>\n<p>Venez vous divertir et vous impr\u00e9gner de la richesse culturelle des communaut\u00e9s noires de Gatineau.<\/p>\n<p>Spectacles de musique et de danses color\u00e9es aux rythmes et sonorit\u00e9s de l\u2019Afrique et des Cara\u00efbes et plus encore!<\/p>\n<p>Venez d\u00e9couvrir des mets typiques faits \u00ab\u00a0\u00e0 la mode de chez nous\u00a0\u00bb.<\/p>\n<p>Foire artisanale et expositions d\u2019une vingtaine de kiosques pr\u00e9sentant des sculptures, des bijoux, des peintures, des tricots, des photos et des tableaux.<\/p>\n<p>Pour la programmation compl\u00e8te, visitez le www.mhngatineau.com.<\/p>\n<p>Le Conseil de la communaut\u00e9 noire de Gatineau et la Ville de Gatineau tiennent \u00e0 remercier toutes les personnes et tous les artistes, artisans, conf\u00e9renciers et organismes ayant contribu\u00e9 \u00e0 la r\u00e9alisation du Mois de l\u2019histoire des Noirs\u00a02016. Nous tenons \u00e0 souligner le soutien financier du minist\u00e8re de l\u2019Immigration, de la Diversit\u00e9 et de l\u2019Inclusion du Qu\u00e9bec.<\/p>\n<p><strong>Collaborateurs et partenaires\u00a0:<\/strong><\/p>\n<p>Association des S\u00e9n\u00e9galais de la capitale nationale (ASCN)<br \/>\nDiku Dilenga Canada<br \/>\nBiblioth\u00e8que municipale de Gatineau<br \/>\nLes Samedis litt\u00e9raires<br \/>\nMinist\u00e8re de l\u2019Immigration, de la Diversit\u00e9 et de l\u2019Inclusion du Qu\u00e9bec<br \/>\nSalle Odyss\u00e9e de la maison de la culture de Gatineau<br \/>\nService des arts, de la culture et des lettres de la Ville de Gatineau<br \/>\nSoci\u00e9t\u00e9 de partage (SOPAR)<br \/>\nLe Petit Chicago<br \/>\nRestaurant-bar Le\u00a0Troquet<br \/>\nMartin Martel<br \/>\nArtistes et exposants<\/p>\n","protected":false},"excerpt":{"rendered":"<p>L\u2019\u00e9dition 2017 du Mois de l\u2019histoire des Noirs 2017 est en pr\u00e9paration. Elle sera mise en ligne au d\u00e9but du mois de janvier. Pour vous inscrire aux activit\u00e9s, contactez-nous par courriel au mhngatineau@gmail.com &#8212;&#8212;&#8212;&#8212;&#8212;&#8212;&#8212;&#8212;&#8212;&#8212;&#8212;&#8212;&#8212;&#8212;&#8212;&#8212;&#8212;&#8212;&#8212;&#8212;&#8212;&#8212;&#8211; Les activit\u00e9s pr\u00e9sent\u00e9es sur cette page seront mises \u00e0 jour r\u00e9guli\u00e8rement. Revenez nous visiter ! Samedi 23\u00a0janvier 2016, de 20\u00a0h \u00e0 [&hellip;]<\/p>\n","protected":false},"author":2,"featured_media":0,"parent":0,"menu_order":0,"comment_status":"closed","ping_status":"closed","template":"","meta":{"_acf_changed":false,"footnotes":""},"class_list":["post-424","page","type-page","status-publish","hentry"],"acf":[],"jetpack_sharing_enabled":true,"_links":{"self":[{"href":"https:\/\/mhngatineau.com\/index.php?rest_route=\/wp\/v2\/pages\/424","targetHints":{"allow":["GET"]}}],"collection":[{"href":"https:\/\/mhngatineau.com\/index.php?rest_route=\/wp\/v2\/pages"}],"about":[{"href":"https:\/\/mhngatineau.com\/index.php?rest_route=\/wp\/v2\/types\/page"}],"author":[{"embeddable":true,"href":"https:\/\/mhngatineau.com\/index.php?rest_route=\/wp\/v2\/users\/2"}],"replies":[{"embeddable":true,"href":"https:\/\/mhngatineau.com\/index.php?rest_route=%2Fwp%2Fv2%2Fcomments&post=424"}],"version-history":[{"count":0,"href":"https:\/\/mhngatineau.com\/index.php?rest_route=\/wp\/v2\/pages\/424\/revisions"}],"wp:attachment":[{"href":"https:\/\/mhngatineau.com\/index.php?rest_route=%2Fwp%2Fv2%2Fmedia&parent=424"}],"curies":[{"name":"wp","href":"https:\/\/api.w.org\/{rel}","templated":true}]}}