{"id":507,"date":"2016-12-30T18:56:37","date_gmt":"2016-12-30T18:56:37","guid":{"rendered":"http:\/\/mhngatineau.com\/?page_id=507"},"modified":"2016-12-30T18:56:37","modified_gmt":"2016-12-30T18:56:37","slug":"programmation-fevrier-2018","status":"publish","type":"page","link":"https:\/\/mhngatineau.com\/?page_id=507","title":{"rendered":"MHN 2018"},"content":{"rendered":"<p><img fetchpriority=\"high\" decoding=\"async\" class=\"size-full wp-image-620 aligncenter\" src=\"https:\/\/mtlonthemap.com\/wp-content\/uploads\/2018\/01\/mhn_2018_11x17-posterweb.png\" alt=\"\" width=\"700\" height=\"1073\" \/><\/p>\n<p>La Ville de Gatineau et le Conseil de la communaut\u00e9 noire de Gatineau sont fiers de vous pr\u00e9senter la programmation du Mois de l\u2019histoire des Noirs 2018.<\/p>\n<p>Le th\u00e8me\u00a0de cette 16<sup>e<\/sup> \u00e9dition est\u00a0<em>\u00ab\u00a0Hommage aux femmes noires, h\u00e9ro\u00efnes<\/em><em> de l\u2019ombre\u00a0\u00bb.\u00a0 \u00a0<\/em><\/p>\n<p>Ces femmes noires, issues de toutes les cat\u00e9gories sociales, de tous les domaines de la vie, ne sont pas pr\u00e9sentes dans l\u2019actualit\u00e9, pourtant elles constituent la charpente invisible de leur communaut\u00e9. Elles sont au c\u0153ur des luttes pour l\u2019\u00e9mancipation et le d\u00e9veloppement de leur milieu. Leur contribution est souvent m\u00e9connue, peu connue, ou m\u00eame mal connue. Ce sont des \u00ab\u00a0h\u00e9ro\u00efnes de l\u2019ombre\u00a0\u00bb.<\/p>\n<p>La 16<sup>e<\/sup> \u00e9dition du mois de l\u2019histoire des noirs part \u00e0 la d\u00e9couverte de ces femmes et de ces filles dont la contribution m\u00e9rite d\u2019\u00eatre soulign\u00e9e. Le th\u00e8me fait \u00e9galement un clin d\u2019\u0153il \u00e0 l\u2019engagement communautaire des femmes noires et met les projecteurs sur certaines des r\u00e9alit\u00e9s encore taboues.<strong>\u00a0<\/strong><\/p>\n<p>&nbsp;<\/p>\n<p><strong>Mercredi 24 janvier 2018, de 17 h 30 \u00e0 19 h 30\u00a0\u00a0\u00a0\u00a0 \u00a0<\/strong><br \/>\n<strong>Coup d\u2019envoi officiel <\/strong><br \/>\nMaison du citoyen, salle des F\u00eates, 25, rue Laurier<\/p>\n<p>Le public, les m\u00e9dias et les officiels sont invit\u00e9s au cocktail de lancement du Mois de l\u2019histoire des Noirs\u00a02018. Cette soir\u00e9e sera agr\u00e9ment\u00e9e de t\u00e9moignages, de prestations culturelles et de remise de reconnaissance pour marquer le th\u00e8me de cette \u00e9dition.<\/p>\n<p><strong>Programmation\u00a0<\/strong><\/p>\n<p>17 h\u00a0 \u00a0 \u00a0 \u00a0 \u00a0 \u00a0 \u00a0 \u00a0: Ouverture des portes<br \/>\n17 h\u00a030\u00a0 \u00a0 \u00a0 \u00a0 \u00a0: Rafra\u00eechissements et bouch\u00e9es avec Caf\u00e9 Eben<br \/>\n17 h 55\u00a0 \u00a0 \u00a0 \u00a0 \u00a0: Po\u00e8me de A\u00efcha Kon\u00e9 et Peggy Civil<br \/>\n18 h\u00a0 \u00a0 \u00a0 \u00a0 \u00a0 \u00a0 \u00a0 : Chorale de l\u2019\u00c9cole ha\u00eftienne de Samedi Litt\u00e9raire<br \/>\n18 h 10\u00a0 \u00a0 \u00a0 \u00a0 \u00a0: Mme Louise Boudrias, mairesse adjointe de Gatineau<br \/>\n18 h 15\u00a0 \u00a0 \u00a0 \u00a0 \u00a0: Projection Vid\u00e9o\u00a0du Projet <em>\u00ab\u00a0Portrait de Femmes Noires \u00bb<br \/>\n<\/em>18 h 30\u00a0 \u00a0 \u00a0 \u00a0 : Marie-Gabrielle Tacka : Conte humoristique<br \/>\n18 h 35\u00a0 \u00a0 \u00a0 \u00a0 : Pr\u00e9sentation de la programmation et tirage des prix de pr\u00e9sence<em><br \/>\n<\/em>18 h 45\u00a0 \u00a0 \u00a0 \u00a0 : Geena Titus\u00a0: chant<em><br \/>\n<\/em>19 h\u00a0 \u00a0 \u00a0 \u00a0 \u00a0 \u00a0 \u00a0: Remerciements et fin<\/p>\n<p>Animatrices\u00a0A\u00efcha Kon\u00e9 et Peggy Civil<\/p>\n<p>Co\u00fbt\u00a0: gratuit\u00a0| Stationnement\u00a0: gratuit<br \/>\nRenseignements\u00a0: A\u00efcha Kon\u00e9 | (613) 290 6867) | <a href=\"mailto:mhngatineau@gmail.com\">mhngatineau@gmail.com<\/a><br \/>\nPr\u00e9sent\u00e9 par la Ville de Gatineau en collaboration avec le Conseil de la Communaut\u00e9 noire de Gatineau.<br \/>\n&#8212;&#8212;&#8212;&#8212;&#8212;&#8212;&#8212;&#8212;&#8212;&#8212;&#8212;&#8212;&#8212;&#8212;-<\/p>\n<p><strong>Mercredi 7 f\u00e9vrier 2018 \u00e0 19 h <\/strong><br \/>\n<strong>Conf\u00e9rence \u2013 d\u00e9bat\u00a0: Femmes noires, le prix de l\u2019engagement <\/strong><br \/>\nSalle des F\u00eates, Maison du citoyen, 25 rue Laurier<\/p>\n<p>Quelles sont les difficult\u00e9s pour la femme noire \u00e0 se faire une place dans la soci\u00e9t\u00e9 canadienne ou qu\u00e9b\u00e9coise ? Quel est le prix de l\u2019engagement communautaire pour une femme noire ? Quels sont les leviers sur lesquels les femmes et les filles doivent s\u2019appuyer pour faire une diff\u00e9rence dans leur milieu ? Quels sont les b\u00e9n\u00e9fices pour la soci\u00e9t\u00e9 ?<\/p>\n<p>Autant de questions que vous aurez l\u2019occasion de d\u00e9battre avec des femmes au parcours exceptionnel, des femmes qui ont os\u00e9 prendre des risques pour se d\u00e9marquer, s\u2019imposer et faire avancer leur milieu. Elles \u00e9changeront avec vous sur l\u2019implication sociale et communautaire, sur l\u2019engagement social, les barri\u00e8res rencontr\u00e9es et des difficult\u00e9s surmont\u00e9es pour arriver \u00e0 atteindre leur objectif et comment elles ont surmont\u00e9 les difficult\u00e9s. Les pan\u00e9listes auront \u00e0 aborder cette probl\u00e9matique sous diff\u00e9rents angles\u00a0: politique, m\u00e9diatique, scientifique et autres.<\/p>\n<p><strong>Pan\u00e9listes<\/strong><\/p>\n<ul>\n<li>Marie-Fran\u00e7oise M\u00e9gie, s\u00e9natrice au Parlement canadien<\/li>\n<li>Assumpta Ndengeyingoma, professeure \u00e0 l\u2019Universit\u00e9 du Qu\u00e9bec en Outaouais (UQO)<\/li>\n<li>Madame Sarah Onyango, productrice et animatrice radio-t\u00e9l\u00e9 et promotrice des activit\u00e9s culturelles des communaut\u00e9s noires<\/li>\n<li>Madame Mireille Apollon, ancienne conseill\u00e8re municipale et ex-mairesse suppl\u00e9ante de la Ville de Gatineau<\/li>\n<\/ul>\n<p>Co\u00fbt : gratuit<br \/>\nRenseignements: Jean-Marie Mond\u00e9sir, (819)\u00a0743-5195<br \/>\nPr\u00e9sent\u00e9e par le Conseil de la communaut\u00e9 noire de Gatineau.<br \/>\n&#8212;&#8212;&#8212;&#8212;&#8212;&#8212;&#8212;&#8212;&#8212;&#8212;&#8212;&#8212;&#8212;&#8212;-<\/p>\n<p><strong>Samedi 10 f\u00e9vrier 2018 \u00e0 19\u00a0h <\/strong><br \/>\n<strong>Projections documentaires et discussion<\/strong><br \/>\nSalle Jean-Desprez de la Maison du citoyen, 25 rue Laurier<\/p>\n<p>18 h \u00e0 19 h\u00a0 \u00a0 \u00a0 \u00a0 : Cocktail et r\u00e9seautage<br \/>\n19 h \u00e0 19 h 45\u00a0 \u00a0: Un film avec toi de Jean Daniel Lafond<br \/>\n19 h 45 \u00e0 20 h\u00a0 : Interm\u00e8de musical Musique douce \u00e0 partir d&#8217;un CD<br \/>\n20 h \u00e0 20 h 45\u00a0 : Et si Dieu avait quitt\u00e9 l&#8217;Afrique \u00a0suivi d&#8217;un \u00e9change<br \/>\n21 h 45\u00a0 \u00a0 \u00a0 \u00a0 \u00a0 \u00a0 \u00a0 : Fin de l\u2019activit\u00e9<\/p>\n<p><em>Renseignements : Fernand-Bienvenue Ackey, (613) 700-2296<\/em><br \/>\n<em>Pr\u00e9sent\u00e9 par Connexion Jeunesse Canada Afrique en collaboration avec le Conseil de la communaut\u00e9 noire de Gatineau<\/em><br \/>\n&#8212;&#8212;&#8212;&#8212;&#8212;&#8212;&#8212;&#8212;&#8212;&#8212;&#8212;&#8212;&#8212;&#8212;-<\/p>\n<p><strong>\u00a0<\/strong><strong>Vendredi 9 f\u00e9vrier 2018 \u00e0 20 h\u00a0: <\/strong> <strong>COMPLET <\/strong><br \/>\n<strong>Ilam <\/strong><br \/>\nMusique<br \/>\nLa Basoche, 120, rue principale (secteur d\u2019Aylmer), Gatineau,<\/p>\n<p>R\u00e9v\u00e9lation Radio-Canada 2016-2017, Ilam Hope pr\u00e9sente Hope, un savant m\u00e9lange de pop-rock, de blues et d\u2019afro-soul dans lequel il raconte son parcours de Dakar \u00e0 Montr\u00e9al. Apr\u00e8s une tourn\u00e9e canadienne et internationale en Asie, il arrive avec ce spectacle qui est inspir\u00e9 \u00e0 la fois de ses origines nomades et du monde urbain.<\/p>\n<p><em>Pr\u00e9sent\u00e9 par la division diffusion et culturelle de la Ville de Gatineau<\/em><br \/>\n&#8212;&#8212;&#8212;&#8212;&#8212;&#8212;&#8212;&#8212;&#8212;&#8212;&#8212;&#8212;&#8212;&#8212;-<\/p>\n<p><strong>Du 15 f\u00e9vrier au 15 avril 2018 <\/strong><br \/>\n<strong>Ateliers de sensibilisation \u00ab On tourne le dos au racisme \u00bb. <\/strong><br \/>\nDans les \u00e9coles secondaires et maisons de jeunes inscrites<\/p>\n<p>L\u2019atelier \u00ab On tourne le dos au racisme \u00bb s\u2019adresse \u00e0 des jeunes d\u2019\u00e9coles secondaires et maisons de jeunes pour les 14 ans et plus. L\u2019atelier d\u2019une dur\u00e9e de 1 h 30 minutes, est pr\u00e9sent\u00e9 sous forme d\u2019une pr\u00e9sentation suivie d\u2019une discussion visant \u00e0 d\u00e9mystifier le racisme.<\/p>\n<p>Co\u00fbt : gratuit pour les \u00e9coles inscrites<br \/>\nRenseignements et r\u00e9servations : 819\u00a0242 2345 poste 2544<br \/>\nPr\u00e9sent\u00e9 par la section de la diversit\u00e9 culturelle de la Ville de Gatineau<\/p>\n<hr \/>\n<p><strong>Samedi 17 f\u00e9vrier 2018, de 10 h 30 \u00e0 15 h 30 <\/strong><br \/>\n<strong>Journ\u00e9e festive Noirs-Si-Sons<\/strong><br \/>\nAgora Gilles-Rocheleau de la Maison du citoyen, 25, rue Laurier<\/p>\n<p>Venez vous divertir et vous impr\u00e9gner de la richesse culturelle des communaut\u00e9s noires de Gatineau. Spectacles de musique et de danses color\u00e9es, mets typiques, foire artisanale aux rythmes et sonorit\u00e9s de l\u2019Afrique et des Cara\u00efbes et plus encore !<\/p>\n<p>Programmation disponible \u00e0 la mi-janvier sur : <a href=\"http:\/\/www.mhngatineau.com\">www.mhngatineau.com<\/a><\/p>\n<p>Co\u00fbt : gratuit<br \/>\nRenseignements : A\u00efcha Kon\u00e9, <a href=\"mailto:mhngatineau@gmail.com\">mhngatineau@gmail.com<\/a><span style=\"text-decoration:line-through;\">, <\/span><br \/>\nPr\u00e9sent\u00e9 par la Ville de Gatineau en partenariat avec la communaut\u00e9 noire de Gatineau.<\/p>\n<p>10 h 30 Contes et histoires de la c\u00f4te d\u2019Ivoire | Marraine Gabrielle<br \/>\nPr\u00e9sent\u00e9 \u00e0 la biblioth\u00e8que (Acc\u00e8s par l\u2019Agora)<\/p>\n<p>11 h 30 Ouverture de la foire | musique avec DJ Skorpyon (Frank Cin\u00e9as)<\/p>\n<p>11 h 30 Maquilleuse, sculpteure de ballons et personnage ambulant<\/p>\n<p>11 h 30 Galerie Montcalm \u00ab Et si la machine te ressemblait\u00bb<\/p>\n<p>11 h 30 Bricolage pour les enfants (de 11 h \u00e0 15 h)<\/p>\n<p>11 h 50 Animation | Marie Gabrielle Tacka &amp; Jovaski R\u00e9jouis<\/p>\n<p>12 h 00 Danses traditionnelles du Rwanda | Troupe Igitego<\/p>\n<p>12 h 15 Humour | S\u00e9bastien Cimpaye<\/p>\n<p>12 h 30 Chansons | Maeva Grelet<\/p>\n<p>12 h 45 Danse ballet jazz et claquettes | Mayannah &amp; Sloan Tchakoutio<\/p>\n<p>13 h 00 Allocutions officielles<\/p>\n<p>13 h 10 Remise de certificats de reconnaissance H\u00e9ro\u00efnes de l\u2019ombre<br \/>\nVille de Gatineau &amp; CCNG<\/p>\n<p>13 h 20 Pause Musicale | DJ Skorpyon<\/p>\n<p>13 h 30 Danse folklorique ha\u00eftienne | \u00c9cole Ha\u00eftienne de Samedi Litt\u00e9raire<\/p>\n<p>13 h 50 Danse Afro-mexicaine | Ballet Folklorico Aztl\u00e0n<\/p>\n<p>14 h 10 Rythmes d\u2019Ha\u00efti et des Cara\u00efbes | Ferline R\u00e9gis &amp; et son groupe<\/p>\n<p>14 h 35 Tirage prix de pr\u00e9sence | Courtoisie des exposants et partenaires<\/p>\n<p>14 h 45 F\u00eate s\u00e9n\u00e9galaise | \u00c9lage Mbaye et son groupe<\/p>\n<p>15 h 15 Remerciements et fin | par les animateurs<\/p>\n<p style=\"text-align:center;\">&#8212;&#8212;&#8212;&#8212;&#8212;&#8212;&#8212;&#8212;&#8212;&#8212;&#8212;&#8212;&#8212;&#8212;&#8212;&#8212;&#8212;&#8212;&#8212;&#8212;&#8212;&#8212;-<br \/>\n<strong>ARTISANS CONFIRM\u00c9S<\/strong><\/p>\n<p><img decoding=\"async\" class=\"aligncenter size-full wp-image-662\" src=\"https:\/\/mtlonthemap.com\/wp-content\/uploads\/2018\/02\/exposants-noirs-si-sons-2018-final-1-page-001.jpg\" alt=\"\" width=\"700\" height=\"1153\" srcset=\"https:\/\/mhngatineau.com\/wp-content\/uploads\/2018\/02\/exposants-noirs-si-sons-2018-final-1-page-001.jpg 1275w, https:\/\/mhngatineau.com\/wp-content\/uploads\/2018\/02\/exposants-noirs-si-sons-2018-final-1-page-001-182x300.jpg 182w, https:\/\/mhngatineau.com\/wp-content\/uploads\/2018\/02\/exposants-noirs-si-sons-2018-final-1-page-001-622x1024.jpg 622w, https:\/\/mhngatineau.com\/wp-content\/uploads\/2018\/02\/exposants-noirs-si-sons-2018-final-1-page-001-768x1265.jpg 768w, https:\/\/mhngatineau.com\/wp-content\/uploads\/2018\/02\/exposants-noirs-si-sons-2018-final-1-page-001-933x1536.jpg 933w, https:\/\/mhngatineau.com\/wp-content\/uploads\/2018\/02\/exposants-noirs-si-sons-2018-final-1-page-001-1243x2048.jpg 1243w\" sizes=\"(max-width: 700px) 100vw, 700px\" \/><\/p>\n<p style=\"text-align:center;\">&#8212;&#8212;&#8212;&#8212;&#8212;&#8212;&#8212;&#8212;&#8212;&#8212;&#8212;&#8212;&#8212;&#8212;&#8212;&#8212;&#8212;&#8212;&#8212;&#8212;&#8212;&#8212;-<br \/>\n<strong>RESTAURATEURS CONFIRM\u00c9S<\/strong><\/p>\n<p><img decoding=\"async\" class=\"aligncenter size-full wp-image-663\" src=\"https:\/\/mtlonthemap.com\/wp-content\/uploads\/2018\/02\/restaurateurs-mhngatineau-2018-1-page-001.jpg\" alt=\"\" width=\"700\" height=\"906\" srcset=\"https:\/\/mhngatineau.com\/wp-content\/uploads\/2018\/02\/restaurateurs-mhngatineau-2018-1-page-001.jpg 1275w, https:\/\/mhngatineau.com\/wp-content\/uploads\/2018\/02\/restaurateurs-mhngatineau-2018-1-page-001-232x300.jpg 232w, https:\/\/mhngatineau.com\/wp-content\/uploads\/2018\/02\/restaurateurs-mhngatineau-2018-1-page-001-791x1024.jpg 791w, https:\/\/mhngatineau.com\/wp-content\/uploads\/2018\/02\/restaurateurs-mhngatineau-2018-1-page-001-768x994.jpg 768w, https:\/\/mhngatineau.com\/wp-content\/uploads\/2018\/02\/restaurateurs-mhngatineau-2018-1-page-001-1187x1536.jpg 1187w\" sizes=\"(max-width: 700px) 100vw, 700px\" \/><\/p>\n<p style=\"text-align:center;\">Pour informations et renseignements, contactez\u00a0:<\/p>\n<h2 style=\"text-align:center;\"><strong>A\u00efcha Kon\u00e9<\/strong><br \/>\n<strong> Coordonnatrice<\/strong><br \/>\n<strong> mhngatineau@gmail.com<\/strong><br \/>\n<strong> (613) 290 6867<\/strong><\/h2>\n<p>&nbsp;<\/p>\n<p>&nbsp;<\/p>\n<p>&#8212;&#8212;&#8212;&#8212;&#8212;&#8212;&#8212;&#8212;&#8212;&#8212;&#8212;&#8212;&#8212;&#8212;-<br \/>\nVendredi 16 f\u00e9vrier 2018, de 17 h \u00e0 22 h<br \/>\n<strong>Conf\u00e9rence d\u00e9bat : L&#8217;Afrique, apr\u00e8s plus de 50 ans d&#8217;ind\u00e9pendance : Bilan et perspectives.<\/strong><br \/>\nSalle des F\u00eates de la Maison du citoyen, 25, rue Laurier<\/p>\n<p>Cette conf\u00e9rence sera suivie d&#8217;un spectacle de l&#8217;artiste-peintre s\u00e9n\u00e9galais (Abdoulaye San\u00e9)<\/p>\n<p>Co\u00fbt : gratuit<br \/>\nRenseignements : Babacar Ba (819) 921-0744<br \/>\nPr\u00e9sent\u00e9 par l\u2019association des S\u00e9n\u00e9galais de la Capitale Nationale<br \/>\n&#8212;&#8212;&#8212;&#8212;&#8212;&#8212;&#8212;&#8212;&#8212;&#8212;&#8212;&#8212;&#8211;<\/p>\n<p><strong>Samedi 17 f\u00e9vrier 2018, de 16 h \u00e0 18 h <\/strong><br \/>\n<strong><em>Conf\u00e9rence\u00a0\u2013 d\u00e9bat : Ces h\u00e9ro\u00efnes oubli\u00e9es des crises et des conflits <\/em><\/strong><br \/>\nSalle des F\u00eates de la Maison du citoyen, 25, rue Laurier<\/p>\n<p>On ne peut pas nier l\u2019existence de violences subies par les femmes noires sous toutes les formes\u00a0: physique, sexuelle, psychologique et \u00e9conomique. Cependant, on remarque qu\u2019elles n\u2019osent pas en parler ni demander de l\u2019aide. Est-ce que c\u2019est \u00e0 cause des pr\u00e9jug\u00e9s, des contraintes culturelles ou bien par peur d\u2019\u00eatre rejet\u00e9es par les membres de leur communaut\u00e9 ? Cette conf\u00e9rence-d\u00e9bat cherchera \u00e0 mieux comprendre la probl\u00e9matique de la violence envers les femmes noires dans certaines r\u00e9gions de l&#8217;Afrique ainsi qu&#8217;au Qu\u00e9bec-Canada.<\/p>\n<p><strong>Pan\u00e9listes\u00a0: <\/strong><\/p>\n<ul>\n<li>Madame Madeleine Badibanga (Congo-RDC) sociologue, professeur. retrait\u00e9e,<\/li>\n<li>Madame Tackra Bouane\u2019 Grah (C\u00f4te d\u2019Ivoire) conteuse,<\/li>\n<li>Madame Sandra Barancira (Burundi) Membre fondatrice du Mouvement des femmes et des filles pour la paix et la s\u00e9curit\u00e9 du Burundi<\/li>\n<\/ul>\n<p>Co\u00fbt : gratuit<br \/>\nRenseignements: Jean-Marie Mond\u00e9sir, (819)\u00a0743-5195<br \/>\nPr\u00e9sent\u00e9e par le Conseil de la communaut\u00e9 noire de Gatineau.<br \/>\n&#8212;&#8212;&#8212;&#8212;&#8212;&#8212;&#8212;&#8212;&#8212;&#8212;&#8212;&#8212;&#8212;&#8212;-<\/p>\n<p><strong>Samedi 17 f\u00e9vrier 2017, de 20 h \u00e0 23 h <\/strong><strong><br \/>\n<\/strong><strong>KNLO <\/strong><br \/>\nDanse hip-hop<br \/>\nPetit Chicago, 50, promenade du Portage<\/p>\n<p>KNLO est l&#8217;une des figures les plus influentes de la sc\u00e8ne hip-hop qu\u00e9b\u00e9coise. On a pu l&#8217;entendre avec plusieurs collectifs dont Movezerbe, K6A, Alaclair Ensemble. Naviguant entre les \u00e9poques au niveau des beats, KNLO livre avec Long Jeu son premier album rap solo, qui aborde les th\u00e8mes de la pauvret\u00e9, de la richesse et de la gu\u00e9rison collective.<\/p>\n<p>Billets\u00a0:<br \/>\n12 $ en ligne &#8211; https:\/\/lepointdevente.com\/billets\/amb180217001<br \/>\n15$ \u00e0 la porte. 10$ pour les \u00e9tudiants du C\u00e9gep de l&#8217;Outaouais<\/p>\n<p>Renseignements: http:\/\/www.7iemeciel.ca\/knlo\/<\/p>\n<p><em>Pr\u00e9sent\u00e9 par\u00a0:<\/em><em> L\u2019Ambassade culturelle et la Microbrasserie le Trou du Diable <\/em><br \/>\n&#8212;&#8212;&#8212;&#8212;&#8212;&#8212;&#8212;&#8212;&#8212;&#8212;&#8212;&#8212;&#8212;&#8212;-<\/p>\n<p><strong>Vendredi 23 et samedi 24 f\u00e9vrier 2018 \u00e0 20 h <\/strong><strong><br \/>\n<\/strong><strong><em>Race<\/em><\/strong><strong><br \/>\n<\/strong>Th\u00e9\u00e2tre<br \/>\nSalle Odyss\u00e9e &#8211; Maison de la Culture de Gatineau<\/p>\n<p>Un homme d\u2019affaires, blanc et fortun\u00e9, est accus\u00e9 d\u2019avoir viol\u00e9 une jeune femme noire dans une chambre d\u2019h\u00f4tel new-yorkaise. Deux avocats, un Noir et un Blanc, ainsi que leur assistante de race noire, doivent d\u00e9cider s\u2019ils repr\u00e9senteront ou non cet homme.<\/p>\n<p>Leurs \u00e9changes soul\u00e8vent de tr\u00e8s d\u00e9licates questions, jetant un regard brutal sur l\u2019Am\u00e9rique, ses conflits raciaux et leurs implications dans les rapports individuels et juridiques. Et encore plus que de discrimination et de justice, il est question ici de mensonges.<\/p>\n<p>L\u2019intrigue de ce brillant suspense de l\u2019Am\u00e9ricain David Mamet semble faire \u00e9cho \u00e0 l\u2019affaire Dominique Strauss-Kahn. Or, pure co\u00efncidence puisque Race triomphait \u00e0 Broadway en 2009.<\/p>\n<p>Aussi, comme l\u2019a soulign\u00e9 l\u2019auteur dans le New York Times, \u00ab la race, comme le sexe, est un sujet sur lequel il est presque impossible de dire la v\u00e9rit\u00e9. Dans chaque cas, le d\u00e9sir, l\u2019int\u00e9r\u00eat personnel et l\u2019image de soi font que la v\u00e9rit\u00e9 est embarrassante \u00e0 partager, non seulement avec des \u00e9trangers \u2014 qui peuvent, l\u00e9gitimement ou non, \u00eatre consid\u00e9r\u00e9s comme des opposants \u2014, mais aussi avec les membres de son propre groupe, et certainement avec soi-m\u00eame. \u00bb<\/p>\n<p>Extrait vid\u00e9o\u00a0: <a href=\"https:\/\/www.youtube.com\/watch?v=FF2cWz8g7i8\">https:\/\/www.youtube.com\/watch?v=FF2cWz8g7i8<\/a><\/p>\n<p>Co\u00fbt :<br \/>\n49 $ I 45 $ carte Odyss\u00e9e<br \/>\n30 ans et moins 44 $ I 40 $<br \/>\n60 ans et plus 44 $ I 40 $ carte Odyss\u00e9e<br \/>\nRenseignements: 819 243-2525.<br \/>\nPr\u00e9sent\u00e9 par La Maison de la culture de Gatineau<br \/>\n&#8212;&#8212;&#8212;&#8212;&#8212;&#8212;&#8212;&#8212;&#8212;&#8212;&#8212;&#8212;&#8212;&#8212;-<\/p>\n<p><strong>ANNUL\u00c9 &#8211; Samedi 24 f\u00e9vrier 2018 \u00e0 \u00a020 h &#8211;\u00a0ANNUL\u00c9 <\/strong><br \/>\n<strong>Ala.Ni\u00a0<\/strong><br \/>\nMusique<br \/>\nSalle Jean-Despr\u00e9z, 25, rue Laurier<\/p>\n<p>Dans les anc\u00eatres d\u2019Ala.Ni, on retrouve le grand-oncle Leslie Hutchinson, alias Hutch, vedette internationale du music-hall dans les ann\u00e9es 1930 qui l\u2019a aid\u00e9 en quelque sorte \u00e0 choisir sa voie. Il y a dans les chansons d\u2019Ala.Ni (enregistr\u00e9es \u00e0 Londres) un v\u00e9ritable enchantement. Ce sont des pi\u00e8ces \u00e9tonnantes entre jazz, trip-hop, soul et blues, courtes, presque nues, \u00e0 peine arrang\u00e9es et instrumentalis\u00e9es, dont la gr\u00e2ce tient \u00e0 fil, et principalement \u00e0 la performance vocale d\u2019Ala.Ni. Des chansons qui rappellent des com\u00e9dies musicales luxuriantes de Broadway, mais interpr\u00e9t\u00e9es comme du folk de chambre, minimalistes et zen. En spectacle, la prot\u00e9g\u00e9e de Damon Albarn a le don d\u2019\u00e9mouvoir aux larmes avec une voix d\u2019une puissance retenue inou\u00efe. Choriste, notamment aux c\u00f4t\u00e9s d\u2019Andrea Bocelli, Mary J. Blige ou Blur, Ala.Ni a un parcours exceptionnel, quasi magique.<\/p>\n<p>Co\u00fbt : 30\u00a0$ | \u00c9tudiants\u00a0: 12\u00a0$<br \/>\nRenseignements: 819-243-8000<\/p>\n<p><a href=\"https:\/\/www.ovation.qc.ca\/pesite.asp?CodeSalle=0F0003&amp;CodeSiteClient=000011&amp;DateHeure=201802242000\" target=\"_blank\" rel=\"noopener\">Acheter des billets en ligne<\/a><\/p>\n<h4><\/h4>\n<p><em>Pr\u00e9sent\u00e9 par la division diffusion et animation culturelle de la Ville de Gatineau<\/em><br \/>\n&#8212;&#8212;&#8212;&#8212;&#8212;&#8212;&#8212;&#8212;&#8212;&#8212;&#8212;&#8212;&#8212;&#8212;-<\/p>\n<p><strong>Dimanche 25 f\u00e9vrier 2018 \u00e0 10 h <\/strong><strong><br \/>\nContes d\u2019ici et d\u2019ailleurs\u00a0: pour les 3 \u00e0 7 ans<br \/>\nBiblioth\u00e8que de la Maison du citoyen, 25, rue Laurier<\/strong><\/p>\n<p>Activit\u00e9 d\u2019animation qui permet aux enfants et \u00e0 leurs parents de voyager dans le monde \u00e0 travers des contes d\u2019autres pays et d\u2019ici, dans une dynamique d\u2019\u00e9changes et d\u2019activit\u00e9s familiales (jeux, bricolages\u2026).<\/p>\n<p>Co\u00fbt : gratuit !<br \/>\n<em>Renseignements: <\/em>A\u00efcha Kon\u00e9, <a href=\"mailto:mhngatineau@gmail.com\">mhngatineau@gmail.com<\/a><br \/>\n<em>Pr\u00e9sent\u00e9 par Biblioth\u00e8que de la Maison du citoyen<\/em><br \/>\n&#8212;&#8212;&#8212;&#8212;&#8212;&#8212;&#8212;&#8212;&#8212;&#8212;&#8212;&#8212;&#8212;&#8212;-<\/p>\n<p><strong>Mercredi 28 f\u00e9vrier 2018 \u00e0 20 h <\/strong><br \/>\n<strong>La Compagnie cr\u00e9ole &#8211; <em>30 ans de f\u00eates au Qu\u00e9bec!<br \/>\n<\/em><\/strong>Chanson<br \/>\nSalle Odyss\u00e9e &#8211; Maison de la Culture de Gatineau<\/p>\n<p>Venez c\u00e9l\u00e9brer les 30 ans de tourn\u00e9e au Qu\u00e9bec de <em>La Compagnie Cr\u00e9ole<\/em> pour un spectacle m\u00e9morable o\u00f9 la f\u00eate sera \u00e0 l\u2019honneur.<\/p>\n<p>Le soleil des Antilles livr\u00e9 chez nous! \u00c7a fait rire les oiseaux, Le bal masqu\u00e9, La machine \u00e0 danser, C\u2019est bon pour le; moral, Vive le douanier Rousseau&#8230; c\u2019est plus de 90 minutes de succ\u00e8s pour c\u00e9l\u00e9brer.<\/p>\n<p>Joignez-vous \u00e0 cette grande f\u00eate m\u00e9morable!<br \/>\nRenseignements: 819 243-2525<br \/>\n<strong>Co\u00fbt\u00a0: <\/strong><\/p>\n<p>49 $ I 45 $ carte Odyss\u00e9e<br \/>\n30 ans et moins 44 $ I 40 $<br \/>\n60 ans et plus 44 $ I 40 $ carte Odyss\u00e9e<br \/>\n<em>Pr\u00e9sent\u00e9 par la Maison de la culture de Gatineau<\/em><br \/>\n&#8212;&#8212;&#8212;&#8212;&#8212;&#8212;&#8212;&#8212;&#8212;&#8212;&#8212;&#8212;&#8212;&#8212;-<br \/>\n<strong>Exposition virtuelle du Mus\u00e9e canadien de l\u2019histoire <\/strong><strong>\u00a0 <\/strong><br \/>\n<strong>Citoyennes\u00a0: portrait de femmes canadiennes de descendance africaine <\/strong><\/p>\n<p>En ligne\u00a0: <a href=\"http:\/\/www.museedelhistoire.ca\/cmc\/exhibitions\/cultur\/citoyennes\/cityn01f.shtml\">http:\/\/www.museedelhistoire.ca\/cmc\/exhibitions\/cultur\/citoyennes\/cityn01f.shtml<\/a><br \/>\nN\u00e9es au sein de soci\u00e9t\u00e9s africaines et, pour certaines, en Europe, les femmes r\u00e9unies ici ont quitt\u00e9 leur pays natal pour s&#8217;\u00e9tablir au Canada, au terme d&#8217;un parcours souvent jalonn\u00e9 d&#8217;autres s\u00e9jours dans des pays africains et\/ou europ\u00e9ens. Elles pr\u00e9sentent, comme tant d&#8217;autres Canadiennes et Canadiens de diff\u00e9rentes origines, un profil identitaire travers\u00e9 par une grande diversit\u00e9 de langues, d&#8217;ethnies, de religions et de cultures.<\/p>\n<p><em>Mes \u00ab\u00a0h\u00e9ro\u00efnes\u00a0\u00bb sont des Canadiennes \u00ab\u00a0ordinaires\u00a0\u00bb, des gens comme vous et moi, qui ont accept\u00e9 de se pr\u00eater au jeu que je leur ai propos\u00e9\u00a0: partager leurs r\u00e9cits, leurs parcours et leur univers, se faire filmer et photographier, et me permettre de composer un patchwork avec ces \u00ab\u00a0fragments\u00a0\u00bb de vie r\u00e9v\u00e9l\u00e9s par des mots, des objets et des photos. <\/em><em>A\u00efda Kaouk Conservatrice (1946-2006) <\/em><\/p>\n<p><strong>Collaborateurs et partenaires\u00a0:<\/strong><\/p>\n<p>Collaborateurs et partenaires :<\/p>\n<p>Artistes et exposants<br \/>\nBiblioth\u00e8que municipale de Gatineau<br \/>\nSection de la Diversit\u00e9 culturelle de la Ville de Gatineau<br \/>\nConseil de la Communaut\u00e9 Noire de Gatineau (CCNG)<br \/>\nConnexion Jeunesse Canada Afrique<br \/>\nDivision \u00ab diffusion et animation culturelle \u00bbde la Ville de Gatineau<br \/>\nJacob Jehu Mahauti\u00e8re<br \/>\nL\u2019association des S\u00e9n\u00e9galais de la Capitale Nationale<br \/>\nLe Petit Chicago<br \/>\nMinist\u00e8re de l\u2019Immigration, de la Diversit\u00e9 et de l\u2019Inclusion<br \/>\nMus\u00e9e canadien de l\u2019histoire<br \/>\nSalle Odyss\u00e9e de la Maison de la culture de Gatineau<br \/>\nService Int\u00e9gration Travail Outaouais (SITO)<\/p>\n","protected":false},"excerpt":{"rendered":"<p>La Ville de Gatineau et le Conseil de la communaut\u00e9 noire de Gatineau sont fiers de vous pr\u00e9senter la programmation du Mois de l\u2019histoire des Noirs 2018. Le th\u00e8me\u00a0de cette 16e \u00e9dition est\u00a0\u00ab\u00a0Hommage aux femmes noires, h\u00e9ro\u00efnes de l\u2019ombre\u00a0\u00bb.\u00a0 \u00a0 Ces femmes noires, issues de toutes les cat\u00e9gories sociales, de tous les domaines de la [&hellip;]<\/p>\n","protected":false},"author":2,"featured_media":0,"parent":0,"menu_order":0,"comment_status":"closed","ping_status":"closed","template":"page-full-width.php","meta":{"_acf_changed":false,"footnotes":""},"class_list":["post-507","page","type-page","status-publish","hentry"],"acf":[],"jetpack_sharing_enabled":false,"_links":{"self":[{"href":"https:\/\/mhngatineau.com\/index.php?rest_route=\/wp\/v2\/pages\/507","targetHints":{"allow":["GET"]}}],"collection":[{"href":"https:\/\/mhngatineau.com\/index.php?rest_route=\/wp\/v2\/pages"}],"about":[{"href":"https:\/\/mhngatineau.com\/index.php?rest_route=\/wp\/v2\/types\/page"}],"author":[{"embeddable":true,"href":"https:\/\/mhngatineau.com\/index.php?rest_route=\/wp\/v2\/users\/2"}],"replies":[{"embeddable":true,"href":"https:\/\/mhngatineau.com\/index.php?rest_route=%2Fwp%2Fv2%2Fcomments&post=507"}],"version-history":[{"count":0,"href":"https:\/\/mhngatineau.com\/index.php?rest_route=\/wp\/v2\/pages\/507\/revisions"}],"wp:attachment":[{"href":"https:\/\/mhngatineau.com\/index.php?rest_route=%2Fwp%2Fv2%2Fmedia&parent=507"}],"curies":[{"name":"wp","href":"https:\/\/api.w.org\/{rel}","templated":true}]}}